{"id":2274,"date":"2020-02-01T20:36:12","date_gmt":"2020-02-01T19:36:12","guid":{"rendered":"http:\/\/atelier-bonnier.com\/?page_id=2274"},"modified":"2025-11-13T17:05:37","modified_gmt":"2025-11-13T16:05:37","slug":"expographie","status":"publish","type":"page","link":"https:\/\/atelier-bonnier.com\/index.php\/expographie\/","title":{"rendered":"Expographie"},"content":{"rendered":"<div class=\"wp-block-image is-resized\">\n<figure class=\"aligncenter size-full\"><img decoding=\"async\" width=\"200\" height=\"75\" src=\"http:\/\/atelier-bonnier.com\/wp-content\/uploads\/2024\/02\/dc_f1.jpg\" alt=\"\" class=\"wp-image-3621\" style=\"width:298px;height:auto\"\/><figcaption class=\"wp-element-caption\"><a href=\"https:\/\/bonnier.dictionnairedesartistescotes.com\" target=\"_blank\" rel=\"noreferrer noopener\">https:\/\/bonnier.dictionnairedesartistescotes.com<\/a><\/figcaption><\/figure><\/div>\n\n\n<p class=\"has-text-align-center\">***<\/p>\n\n\n\n<p><strong>Novembre 2025<\/strong> : Exposition permanente \u00e0 la Galerie Ortus, Bonnieux (84)<\/p>\n\n\n\n<p><strong>Octobre 2025<\/strong> : Exposition collective au <em>Chemin des Artistes<\/em>, Ch\u00e2teaudouble (26)<\/p>\n\n\n\n<p style=\"font-size:16px\"><strong>Ao\u00fbt 2025<\/strong> : Exposition en duo <em>\u00ab\u00a0Lignes et Transparence\u00a0\u00bb<\/em>, Espace La Traboule, Chamb\u00e9ry (73)<\/p>\n\n\n\n<p><strong>Juin 2025<\/strong> : Exposition personnelle, Galerie Thuillier, 75003 Paris<\/p>\n\n\n\n<p><strong>Mars 2025 <\/strong>: Exposition personnelle <em>\u00ab\u00a0Ceci est ma terre\u00a0\u00bb<\/em>, Galerie Espace Libert\u00e9, Crest (26)<\/p>\n\n\n\n<p><strong>Novembre 2024<\/strong> : Salon d&rsquo;art contemporain MONTREUX ART GALLERY, CH-Montreux<\/p>\n\n\n\n<p><strong>Septembre 2024<\/strong> : Salon d&rsquo;Art Contemporain REGAIN ART LYON<\/p>\n\n\n\n<p><strong>Juin 2024<\/strong> : Exposition collective (2 peintres et 2 sculpteurs), Galerie 41, Lyon 5 \u00e8me<\/p>\n\n\n\n<p><strong>Novembre 2023<\/strong> : Exposition en bin\u00f4me avec le sculpteur A. Marastoni, <em>Ceci est ma Terre<\/em>, espace la Traboule, Chamb\u00e9ry (73)<\/p>\n\n\n\n<p><strong>Septembre 2023<\/strong> : Exposition collective pour les journ\u00e9es du patrimoine, Le Prieur\u00e9, Bourget-du-Lac (73)<\/p>\n\n\n\n<p><strong>D\u00e9cembre 2022<\/strong> : Exposition collective (4 plasticiens), galerie EXIT, Aix-les-Bains (73)<\/p>\n\n\n\n<p><strong>Novembre 2022<\/strong> : 8\u00e8me Salon de la Cr\u00e9ation, Palais des Festivit\u00e9s, \u00c9vian-les-Bains (74)<\/p>\n\n\n\n<p><strong>Octobre 2022<\/strong> : Exposition personnelle <em>\u00ab\u00a0En vers ou en prose\u00a0\u00bb<\/em>, galerie EXIT, Aix-les-Bains (73)<\/p>\n\n\n\n<p><strong>Septembre 2022<\/strong> : Salon d&rsquo;Art Contemporain Regain Art Lyon, Lyon (69)<\/p>\n\n\n\n<p><strong>Mai 2022 <\/strong>: Exposition collective du collectif Artog\u00e8ne, Ferme de Bressieux, Chamb\u00e9ry<\/p>\n\n\n\n<p><strong>D\u00e9cembre 2021<\/strong> : Galerie temporaire avec 5 membres d&rsquo;Artog\u00e8ne au centre-ville de Chamb\u00e9ry<\/p>\n\n\n\n<p><strong>Novembre 2021<\/strong> : <\/p>\n\n\n\n<p>Exposition collective \u00ab\u00a0Renaissance\u00a0\u00bb organis\u00e9e par Glob&rsquo;Art, ch\u00e2teau de l&rsquo;\u00c9chelle, La Roche-sur-Foron (74)                                                                                                                                                            7\u00e8me Salon de la Cr\u00e9ation, Palais des Festivit\u00e9s, \u00c9vian-les-Bains (74)<\/p>\n\n\n\n<p><strong>Octobre 2021<\/strong> : 20\u00e8me Exposition Artistique d&rsquo;Amancy (74)<\/p>\n\n\n\n<p><strong>Septembre 2021<\/strong> : Exposition collective \u00ab\u00a0Humanit\u00e9s\u00a0\u00bb organis\u00e9e par Artis au Fort Barraux (38)<\/p>\n\n\n\n<p><strong>Juin 2021 :<\/strong><\/p>\n\n\n\n<p>Exposition collective \u00ab\u00a0Fraternit\u00e9\u00a0\u00bb avec Artog\u00e8ne, mission catholique, Chamb\u00e9ry (73)<\/p>\n\n\n\n<p><strong>Octobre 2020 :<\/strong><\/p>\n\n\n\n<p>Exposition personnelle, Ferme de Bressieux, Bassens (pr\u00e8s de Chamb\u00e9ry) (73) Exposition collective \u00e0 l&rsquo;agence Jean-Paul Faure Architecte, avenue de M\u00e9rande, Chamb\u00e9ry.<\/p>\n\n\n\n<p><strong>Mars<\/strong> <strong>2020 <\/strong>:<\/p>\n\n\n\n<p>Exposition collective \u00ab\u00a0\u00catre ou ne pas \u00eatre, organis\u00e9e par Glob&rsquo;Art, ch\u00e2teau de l&rsquo;\u00c9chelle, La Roche-sur-Foron (74)<\/p>\n\n\n\n<p><strong>2019 : <\/strong><\/p>\n\n\n\n<p>Exposition collective au \u00ab\u00a0Salon de la Cr\u00e9ation\u00a0\u00bb,  Palais des Festivit\u00e9s, \u00c9vian (74)<\/p>\n\n\n\n<p><strong>2018 : <\/strong> <\/p>\n\n\n\n<p>Exposition personnelle au colloque Justice et violences conjugales, de SaVoie de femme, salle C\u0153ur de M\u00e9rande, Chamb\u00e9ry <\/p>\n\n\n\n<p><strong>2017 : <\/strong><\/p>\n\n\n\n<p>Exposition \u00ab\u00a0Double Regard\u00a0\u00bb avec Laurence Huyette, photographe d&rsquo;art, Espace Instinct Visuel, Chamb\u00e9ry <\/p>\n\n\n\n<p><strong>2016 : <\/strong><\/p>\n\n\n\n<p>Exposition personnelle \u00ab\u00a0Terre d&rsquo;enfance\u00a0\u00bb, Ferme de Bressieux, Bassens (73) <\/p>\n\n\n\n<p>Exposition collective Salon de printemps, Cit\u00e9 des peintres, Morestel (38) <\/p>\n\n\n\n<p><strong> 2015 :<\/strong> <\/p>\n\n\n\n<p>Exposition personnelle \u00ab\u00a0Le Souffle et la Trace\u00a0\u00bb, Le Prieur\u00e9, Le Bourget-du-Lac (73) <\/p>\n\n\n\n<p> Exposition collective \u00ab\u00a0Has&rsquo;ART&rsquo;dez-vous\u00a0\u00bb, Palais de Justice, Chamb\u00e9ry (73) <\/p>\n\n\n\n<p> Exposition collective \u00ab\u00a0Le 2\u00e8me Forum des Artistes\u00a0\u00bb, Atrium, Gilly-sur-Is\u00e8re (73) <\/p>\n\n\n\n<p> Exposition collective \u00ab\u00a0Le March\u00e9 de l&rsquo;Art,\u00a0\u00bb Fort Barraux, Barraux (38) <\/p>\n\n\n\n<p><strong>2014:<\/strong><\/p>\n\n\n\n<p>Exposition personnelle \u00ab\u00a0Itin\u00e9rance \u00ab\u00a0, Le Prieur\u00e9, Le Bourget-du-Lac (73)<\/p>\n\n\n\n<p>Exposition personnelle, Atelier priv\u00e9, St-Baldoph (73) <\/p>\n\n\n\n<p>Exposition collective au \u00ab\u00a0Printemps de La Ravoire\u00a0\u00bb (73), <strong>Invit\u00e9e d&rsquo;Honneur<\/strong><\/p>\n\n\n\n<p>Exposition collective \u00ab\u00a0Hasardez-vous\u00a0\u00bb avec la Jeune Chambre \u00c9conomique, Palais de Justice, Chamb\u00e9ry (73)<\/p>\n\n\n\n<p>Exposition personnelle, Office de Tourisme, M\u00e9ribel (73)<\/p>\n\n\n\n<p>Exposition personnelle, espace Le Cristal, Chamb\u00e9ry-Le-Haut (73) <\/p>\n\n\n\n<p><strong>2013 :<\/strong><\/p>\n\n\n\n<p>Exposition personnelle, Le Prieur\u00e9, Le Bourget-du-Lac (73)<\/p>\n\n\n\n<p>Exposition collective, Journ\u00e9e du Patrimoine, St-Baldoph (73) <\/p>\n\n\n\n<p><strong>2012 :<\/strong><\/p>\n\n\n\n<p>Exposition personnelle, salle polyvalente, Barberaz (73)<\/p>\n\n\n\n<p>Exposition collective \u00ab\u00a0Artistes en Marches\u00a0\u00bb, Les Marches (73), <strong>Invit\u00e9e d&rsquo;Honneur<\/strong><\/p>\n\n\n\n<p>Exposition collective, St-Baldoph (73),&nbsp; Journ\u00e9e du Patrimoine <\/p>\n\n\n\n<p><strong>2011 :<\/strong><\/p>\n\n\n\n<p> Exposition collective, Conflans (73) <\/p>\n\n\n\n<p><strong>2010 :<\/strong><\/p>\n\n\n\n<p>Exposition personnelle, salle polyvalente, Barberaz (73)<\/p>\n\n\n\n<p>Exposition personnelle,&nbsp; salle Carnot, St-Etienne (42) <\/p>\n\n\n\n<p><strong>2008 et 2009 : <\/strong><\/p>\n\n\n\n<p>Exposition personnelle, Atelier priv\u00e9, St-Baldoph (73) <\/p>\n\n\n\n<p><strong>2007 :<\/strong><\/p>\n\n\n\n<p>Exposition personnelle, Atelier priv\u00e9, St-Baldoph (73)<\/p>\n\n\n\n<p>Exposition collective, Galerie Bagnorea, Annecy (74) <\/p>\n\n\n\n<p><strong>2006 :<\/strong><\/p>\n\n\n\n<p> Exposition collective, Galerie Bagnorea, Annecy (74) <\/p>\n\n\n\n<p><strong>2005 :<\/strong><\/p>\n\n\n\n<p> Exposition personnelle, Atelier priv\u00e9, St-Baldoph (73)  <\/p>\n\n\n\n<p> Exposition collective \u00ab\u00a0Parcours d&rsquo;Artistes\u00a0\u00bb (3\u00e8me \u00e9dition), Ateliers priv\u00e9s puis salle du Man\u00e8ge, Chamb\u00e9ry (73) <\/p>\n\n\n\n<p><strong>2004 :<\/strong><\/p>\n\n\n\n<p> Salon \u00ab\u00a0Arts Inter\u00a0\u00bb, La Ravoire (73) : <strong>M\u00e9daille d&rsquo;Or<\/strong> <\/p>\n\n\n\n<p><strong>2003 :<\/strong><\/p>\n\n\n\n<p>Exposition collective \u00ab\u00a0Parcours d&rsquo;Artistes\u00a0\u00bb (2\u00e8me \u00e9dition), Ateliers priv\u00e9s, Savoie<\/p>\n\n\n\n<p>Exposition \u00e0 l&rsquo;Acad\u00e9mie Europ\u00e9enne des Arts, Paris : <strong>M\u00e9daille d&rsquo;Or Nationale et Prix du Public.<\/strong> <\/p>\n\n\n\n<p><strong>2002 :<\/strong><\/p>\n\n\n\n<p>Exposition personnelle, galerie Art-Espace, Chamb\u00e9ry (73)<\/p>\n\n\n\n<p>Exposition personnelle, Atelier priv\u00e9, St-Baldoph (73) <\/p>\n\n\n\n<p><strong>2001 :<\/strong><\/p>\n\n\n\n<p>Exposition collective \u00ab\u00a0Parcours d&rsquo;Artistes\u00a0\u00bb (1\u00e8re \u00e9dition), Ateliers priv\u00e9s, Savoie<\/p>\n\n\n\n<p>Exposition collective, galerie Art-Espace, Chamb\u00e9ry (73 <\/p>\n\n\n\n<p><strong>1998 :<\/strong><\/p>\n\n\n\n<p> Exposition personnelle, Cr\u00e9dit Lyonnais, Chamb\u00e9ry (73)<\/p>\n\n\n\n<p> Exposition personnelle, Le Prieur\u00e9, Le Bourget-du-Lac (73) <\/p>\n\n\n\n<p><strong>1997 :<\/strong><\/p>\n\n\n\n<p> Exposition personnelle, Office du Tourisme, Challes-les-Eaux (73) <\/p>\n\n\n\n<p><strong>1996<\/strong> :<\/p>\n\n\n\n<p> Exposition collective, Chappelle Vaugelas, Chamb\u00e9ry (73) <\/p>\n\n\n\n<p><strong>1995<\/strong> :<\/p>\n\n\n\n<p> Exposition collective, Chappelle Vaugelas, Chamb\u00e9ry (73) <\/p>\n\n\n\n<p><strong>1994<\/strong> :<\/p>\n\n\n\n<p>Exposition personnelle, Office du Tourisme, Challes-les- Eaux (73)<\/p>\n\n\n\n<p>Exposition  collective, Grand S\u00e9minaire, Belley (01)<\/p>\n\n\n\n<p>Exposition collective, Salon  International d&rsquo;Arts Plastiques de Chartreuse(38) <\/p>\n\n\n\n<p><strong>1993 :<\/strong><\/p>\n\n\n\n<p>Exposition personnelle, Office du Tourisme, Challes-les-Eaux (73)<\/p>\n\n\n\n<p>Exposition collective, Galerie Boidet, Chamb\u00e9ry (73) <\/p>\n\n\n\n<p><strong>De 1987 \u00e0 1991 :<\/strong><\/p>\n\n\n\n<p> Expositions collectives, St Germain-en-Laye (78) <\/p>\n\n\n\n<p><\/p>\n\n\n\n<p><\/p>\n\n\n\n<p><\/p>\n\n\n\n<p><\/p>\n\n\n\n<p><\/p>\n\n\n\n<p><\/p>\n\n\n\n<p><\/p>\n\n\n\n<p><\/p>\n\n\n\n<p><\/p>\n\n\n\n<p><\/p>\n\n\n\n<p><\/p>\n\n\n\n<p><\/p>\n\n\n\n<p><\/p>\n\n\n\n<p><\/p>\n\n\n\n<p><\/p>\n\n\n\n<p><\/p>\n\n\n\n<p><\/p>\n","protected":false},"excerpt":{"rendered":"<p>*** Novembre 2025 : Exposition permanente \u00e0 la Galerie Ortus, Bonnieux (84) Octobre 2025 : Exposition collective au Chemin des Artistes, Ch\u00e2teaudouble (26) Ao\u00fbt 2025 : Exposition en duo \u00ab\u00a0Lignes et Transparence\u00a0\u00bb, Espace La Traboule, Chamb\u00e9ry (73) Juin 2025 : Exposition personnelle, Galerie Thuillier, 75003 Paris Mars 2025 : Exposition personnelle \u00ab\u00a0Ceci est ma terre\u00a0\u00bb, &hellip; <\/p>\n<p class=\"link-more\"><a href=\"https:\/\/atelier-bonnier.com\/index.php\/expographie\/\" class=\"more-link\">Continuer la lecture<span class=\"screen-reader-text\"> de &laquo;&nbsp;Expographie&nbsp;&raquo;<\/span><\/a><\/p>\n","protected":false},"author":1,"featured_media":0,"parent":0,"menu_order":0,"comment_status":"closed","ping_status":"closed","template":"","meta":{"footnotes":""},"class_list":["post-2274","page","type-page","status-publish","hentry"],"_links":{"self":[{"href":"https:\/\/atelier-bonnier.com\/index.php\/wp-json\/wp\/v2\/pages\/2274","targetHints":{"allow":["GET"]}}],"collection":[{"href":"https:\/\/atelier-bonnier.com\/index.php\/wp-json\/wp\/v2\/pages"}],"about":[{"href":"https:\/\/atelier-bonnier.com\/index.php\/wp-json\/wp\/v2\/types\/page"}],"author":[{"embeddable":true,"href":"https:\/\/atelier-bonnier.com\/index.php\/wp-json\/wp\/v2\/users\/1"}],"replies":[{"embeddable":true,"href":"https:\/\/atelier-bonnier.com\/index.php\/wp-json\/wp\/v2\/comments?post=2274"}],"version-history":[{"count":32,"href":"https:\/\/atelier-bonnier.com\/index.php\/wp-json\/wp\/v2\/pages\/2274\/revisions"}],"predecessor-version":[{"id":4089,"href":"https:\/\/atelier-bonnier.com\/index.php\/wp-json\/wp\/v2\/pages\/2274\/revisions\/4089"}],"wp:attachment":[{"href":"https:\/\/atelier-bonnier.com\/index.php\/wp-json\/wp\/v2\/media?parent=2274"}],"curies":[{"name":"wp","href":"https:\/\/api.w.org\/{rel}","templated":true}]}}